c
What is 10302 (base 4) in base 14?
17c
5a6 (base 12) to base 9
1140
-3017 (base 11) to base 8
-7653
What is -40 (base 12) in base 6?
-120
What is -11201011 (base 3) in base 12?
-1ba1
-4332 (base 5) to base 7
-1504
-22131 (base 6) to base 9
-4201
-1001101101010000 (base 2) to base 13
-15136
Convert -41204 (base 7) to base 5.
-310144
3a73 (base 16) to base 8
35163
What is 278 (base 14) in base 3?
200110
What is 858b (base 12) in base 10?
14651
What is -20221000 (base 3) in base 15?
-1769
What is -111676 (base 8) in base 16?
-93be
b99 (base 13) to base 10
1985
-751b (base 16) to base 13
-10851
Convert 121124 (base 6) to base 16.
298c
1202221 (base 3) to base 2
10100001110
Convert -1020122 (base 5) to base 3.
-212012101
Convert 10011023 (base 4) to base 12.
980b
845 (base 9) to base 2
1010110001
What is 1310202 (base 4) in base 13?
3519
What is 103323 (base 5) in base 13?
1830
-10241 (base 7) to base 15
-b38
1215 (base 7) to base 5
3303
-42163 (base 7) to base 12
-6014
-70b2 (base 16) to base 10
-28850
What is -1a4 (base 12) in base 7?
-532
13201 (base 4) to base 12
341
Convert -1168 (base 12) to base 6.
-13012
26c (base 15) to base 12
3a0
Convert -9ea (base 15) to base 3.
-10002011
Convert 212 (base 5) to base 14.
41
Convert 1020 (base 3) to base 9.
36
-6b1 (base 16) to base 2
-11010110001
Convert -311210 (base 4) to base 7.
-12665
-161454 (base 7) to base 6
-403103
Convert -1136 (base 9) to base 6.
-3523
What is 3551 (base 9) in base 10?
2638
Convert -30500 (base 8) to base 3.
-122021222
Convert -18f (base 16) to base 8.
-617
Convert -2605 (base 15) to base 8.
-17651
Convert -1a87 (base 14) to base 6.
-34155
What is -11d0 (base 15) in base 4?
-323103
-2e2 (base 15) to base 2
-1010010110
What is -221102 (base 3) in base 7?
-2000
Convert -2c8 (base 14) to base 11.
-477
Convert 1829 (base 11) to base 13.
10a3
-17768 (base 9) to base 5
-343133
What is -19c (base 14) in base 2?
-101001110
17411 (base 12) to base 9
50754
What is -2851 (base 12) in base 2?
-1001000111101
-1467 (base 16) to base 15
-1833
291b (base 16) to base 5
314043
Convert 230 (base 9) to base 8.
275
What is 64a (base 11) in base 9?
1056
What is -2310332 (base 4) in base 9?
-16788
-24634 (base 7) to base 2
-1100101011101
1113103 (base 4) to base 2
1010111010011
Convert -5c8 (base 16) to base 3.
-2000211
Convert 11002112 (base 3) to base 10.
2984
What is 100110011001000 (base 2) in base 5?
1112111
Convert -345 (base 8) to base 5.
-1404
What is 2839 (base 10) in base 8?
5427
What is -42a9a (base 11) in base 16?
-f451
What is -1122212120 (base 3) in base 15?
-9a5c
Convert 3b96 (base 16) to base 13.
6c35
Convert -43303 (base 6) to base 11.
-4513
-298c (base 13) to base 16
-178f
22939 (base 10) to base 4
11212123
Convert -111010000 (base 2) to base 6.
-2052
-201101 (base 3) to base 11
-436
Convert 10000100011101 (base 2) to base 8.
20435
What is 112230 (base 4) in base 2?
10110101100
-2120000 (base 3) to base 16
-747
What is -a99 (base 12) in base 13?
-92a
Convert 1012212 (base 3) to base 4.
31313
What is -67 (base 14) in base 15?
-61
-3023 (base 9) to base 7
-6303
What is 677 (base 12) in base 14?
4c3
-102440 (base 5) to base 13
-178b
What is -d63 (base 14) in base 13?
-1279
Convert 2b4 (base 13) to base 5.
3420
3615 (base 9) to base 6
20235
11000443 (base 5) to base 2
10110111010110001
Convert 3300 (base 7) to base 13.
6c6
-442021 (base 5) to base 12
-89b9
Convert -4020341 (base 5) to base 6.
-1211330
Convert 6365 (base 10) to base 6.
45245
32dd (base 15) to base 6
121531
-17429 (base 11) to base 13
-b1a7
-1221 (base 5) to base 11
-15a
Convert 17582 (base 9) to base 8.
27557
What is -4fe1 (base 16) in base 7?
-113422
What is -13020102 (base 4) in base 14?
-a8dc
1d1 (base 16) to base 11
393
What is 23268 (base 10) in base 5?
1221033
What is 229 (base 13) in base 3?
111211
-2b3 (base 14) to base 6
-2313
Convert -15121 (base 10) to base 5.
-440441
What is 1930 (base 15) in base 2?
1010101000101
Convert -1c5 (base 15) to base 7.
-1124
Convert -1031 (base 7) to base 16.
-16d
3b2 (base 13) to base 2
1010001100
Convert -1444 (base 10) to base 14.
-752
8a (base 16) to base 5
1023
1129 (base 12) to base 10
1905
21112 (base 4) to base 15
29d
What is -10110 (base 5) in base 10?
-655
What is -2244 (base 7) in base 10?
-816
What is 593 (base 12) in base 13?
4bc
Convert -403 (base 9) to base 11.
-278
What is 33028 (base 9) in base 14?
7da0
1752 (base 9) to base 14
6bd
Convert 422 (base 14) to base 9.
1104
-318 (base 12) to base 15
-202
13147 (base 9) to base 5
240442
Convert 35286 (base 10) to base 14.
cc06
47668 (base 11) to base 10
68681
What is 120011 (base 4) in base 7?
4331
Convert 447 (base 10) to base 13.
285
What is 1778 (base 15) in base 16?
13c7
Convert 4454 (base 6) to base 8.
2022
1101110011010 (base 2) to base 4
1232122
-1108 (base 16) to base 14
-1836
Convert -8d4 (base 16) to base 10.
-2260
6e44 (base 16) to base 4
12321010
-638 (base 10) to base 12
-452
What is 26784 (base 9) in base 5?
1040024
-101000010011 (base 2) to base 9
-3475
1011011110 (base 2) to base 11
608
Convert -155 (base 15) to base 10.
-305
c817 (base 16) to base 14
1494b
-10011001011110 (base 2) to base 12
-5826
What is 2213 (base 5) in base 8?
464
Convert -10225 (base 6) to base 2.
-10101101001
-b73 (base 16) to base 11
-2225
14506 (base 9) to base 12
5880
6491 (base 12) to base 5
323203
2284 (base 9) to base 2
11010100000
What is -10112120 (base 3) in base 8?
-5024
1722 (base 8) to base 2
1111010010
What is 102 (base 12) in base 10?
146
112211 (base 4) to base 14
753
Convert -4563 (base 8) to base 7.
-10024
What is 13131 (base 5) in base 14?
545
Convert 3053 (base 6) to base 13.
405
Convert 5980 (base 11) to base 8.
17230
-13515 (base 7) to base 11
-2852
Convert 314200 (base 5) to base 13.
4a57
-101100111 (base 2) to base 10
-359
35a6 (base 11) to base 4
1021222
-1230202 (base 4) to base 9
-10467
What is 523 (base 6) in base 11?
168
-30 (base 12) to base 16
-24
What is 101606 (base 8) in base 12?
1759a
-55aa (base 13) to base 10
-11970
11111001001 (base 2) to base 14
a25
Convert 1000011011001 (base 2) to base 16.
10d9
Convert -4aa (base 16) to base 3.
-1122020
-1010010110110 (base 2) to base 10
-5302
-82b (base 14) to base 15
-722
What is -505 (base 10) in base 5?
-4010
What is -1460 (base 9) in base 14?
-591
-c2 (base 14) to base 15
-b5
What is 24 (base 8) in base 3?
202
126314 (base 7) to base 6
302145
Convert 317 (base 11) to base 5.
3011
Convert 12200 (base 3) to base 9.
180
Convert 1612 (base 9) to base 13.
734
Convert -15114 (base 7) to base 3.
-12201200
Convert -1886 (base 11) to base 12.
-1475
-d57 (base 14) to base 6
-20053
What is ab5 (base 14) in base 7?
6115
What is -1884 (base 11) in base 15?
-a96
What is 13ced (base 15) in base 9?
106307
-1556 (base 8) to base 9
-1175
Convert 10655 (base 12) to base 10.
21665
What is 10100000110100 (base 2) in base 6?
115352
-376 (base 9) to base 8
-470
Convert -10101110 (base 2) to base 16.
-ae
What is -1c4 (base 16) in base 15?
-202
-121024 (base 6) to base 7
-42622
-139 (base 15) to base 14
-15d
Convert 1610 (base 9) to base 2.
10011001000
What is 24025 (base 11) in base 14?
c89b
Convert 34033 (base 5) to base 13.
1121
Convert -43424 (base 5) to base 7.
-11500
13b5 (base 14) to base 8
6643
-1053 (base 8) to base 3
-202120
What is 16230 (base 7) in base 6?
33110
Convert 1222 (base 7) to base 13.
292
-4b6 (base 12) to base 8
-1312
Convert -2604 (base 14) to base 4.
-1220030
Convert 31124 (base 6) to base 9.
5627
What is 21440 (base 6) in base 7?
11451
What is -1761 (base 10) in base 3?
-2102020
-103200 (base 4) to base 12
-880
Convert -11024 (base 12) to base 7.
-122401
23201 (base 4) to base 9
1008
What is -2013 (base 7) in base 8?
-1270
Convert -1110101111010 (base 2) to base 10.
-7546
What is -21402 (base 6) in base 16?
-b8a
Convert -13335 (base 6) to base 10.
-2075
Convert 153 (base 8) to base 5.
412
Convert -57220 (base 8) to base 2.
-101111010010000
Convert 261 (base 9) to base 16.
d9
Convert 101001000110 (base 2) to base 6.
20102
Convert -6178 (base 13) to base 15.
-3eba
Convert -120245 (base 6) to base 14.
-3b5b
What is -222313 (base 4) in base 11?
-2074
What is 8008 (base 13) in base 14?
65a0
What is b19 (base 12) in base 7?
4452
8144 (base 14) to bas